Cambridge, MA weatherWelcome to 17 Buena Vista Park, Cambridge, MA 02140 (Porter Square). |
Latitude N 42° 23' 16" Longitude W 71° 07' 28" Elevation 47 ft |
year records trends history blog webcam |
Select a Year or Month report
Report for 2016 Nov Monthly Climatological Summary for Nov 2016 Name: Porter Square City: Cambridge State: MA Elevation: 47 ft Lat: N 42 23 16 Lon: W 071 07 27 Temperature (°F), Rain (in), Wind Speed (mph) Heat Cool Avg Mean Deg Deg Wind Dom Day Temp High Time Low Time Days Days Rain Speed High Time Dir ---------------------------------------------------------------------------------- 01 42.7 55.2 14:08 31.5 07:24 22.3 0.0 0.00 0.0 0.0 00:00 N 02 58.3 71.4 15:25 44.4 01:23 7.7 1.1 0.00 0.0 0.0 00:00 N 03 56.9 68.0 12:49 52.0 02:09 8.2 0.1 0.05 0.0 0.0 00:00 N 04 49.6 57.2 12:32 38.5 23:57 15.4 0.0 0.00 0.0 0.0 00:00 N 05 45.0 56.3 15:08 32.0 05:07 20.0 0.0 0.00 0.0 0.0 00:00 N 06 47.2 51.4 11:29 42.6 23:52 18.5 0.0 0.04 0.0 0.0 00:00 N 07 41.3 49.1 11:17 35.6 05:57 23.7 0.0 0.00 0.0 0.0 00:00 N 08 46.6 64.6 13:21 33.1 05:52 18.4 0.0 0.00 0.0 0.0 00:00 N 09 51.8 64.8 12:53 41.2 03:20 13.2 0.0 0.00 0.0 0.0 00:00 N 10 46.2 54.0 13:47 36.0 06:50 18.8 0.0 0.00 0.0 0.0 00:00 N 11 48.1 60.4 10:18 38.5 23:56 16.9 0.0 0.00 0.0 0.0 00:00 N 12 40.6 48.2 13:33 33.6 06:51 24.4 0.0 0.00 0.0 0.0 00:00 N 13 50.0 60.4 15:02 41.2 00:00 15.0 0.0 0.00 0.0 0.0 00:00 N 14 50.1 64.9 13:17 36.1 06:27 14.9 0.0 0.00 0.0 0.0 00:00 N ---------------------------------------------------------------------------------- 48.2 71.4 2 31.5 1 237.4 1.2 0.09 0.0 0.0 0 E Max >= 80.0 0 Max <= 32.0 0 Min <= 32.0 2 Min <= 0.0 0 Max Rain: 0.05 on day 3 Days of Rain: 2 (>= 0.01 in) 0 (>= 0.10 in) 0 (>= 1.00 in) Heat Base: 65.0 Cool Base: 65.0 Method: Integration |
|