Cambridge, MA weather

Welcome to 17 Buena Vista Park, Cambridge, MA 02140 (Porter Square).

 Latitude N 42° 23' 16"    Longitude W 71° 07' 28"    Elevation 47 ft

year

records

trends

history

blog

webcam
NOAA style reports
Select a Year or Month report
V/Λ2021 > Jan Feb Mar Apr May Jun Jul Aug Sep Oct Nov Dec
V/Λ2020 > Jan Feb Mar Apr May Jun Jul Aug Sep Oct Nov Dec
V/Λ2019 > Jan Feb Mar Apr May Jun Jul Aug Sep Oct Nov Dec
V/Λ2018 > Jan Feb Mar Apr May Jun Jul Aug Sep Oct Nov Dec
V/Λ2017 > Jan Feb Mar Apr May Jun Jul Aug Sep Oct Nov Dec
V/Λ2016 > Jan Feb Mar Apr May Jun Jul Aug Sep Oct Nov Dec
V/Λ2015 > Jan Feb Mar Apr May Jun Jul Aug Sep Oct Nov Dec
V/Λ2014 > Jan Feb Mar Apr May Jun Jul Aug Sep Oct Nov Dec
V/Λ2013 > Jan Feb Mar Apr May Jun Jul Aug Sep Oct Nov Dec
V/Λ2012 > Jan Feb Mar Apr May Jun Jul Aug Sep Oct Nov Dec
V/Λ2011 > Jan Feb Mar Apr May Jun Jul Aug Sep Oct Nov Dec

Report for 2017 Aug
                   Monthly Climatological Summary for Aug 2017

Name: Porter Square   City: Cambridge   State: MA
Elevation: 47 ft  Lat: N 42 23 16   Lon: W 071 07 27

                  Temperature (░F), Rain (in), Wind Speed (mph)

                                      Heat  Cool        Avg
    Mean                              Deg   Deg         Wind                 Dom
Day Temp  High   Time   Low    Time   Days  Days  Rain  Speed High   Time    Dir
----------------------------------------------------------------------------------
01  77.7  89.4   14:04  65.3   05:35   0.0  12.7  0.00   0.0   0.0   00:00     N
02  76.5  94.8   13:59  67.6   23:29   0.0  11.5  0.14   0.0   0.0   00:00     N
03  76.5  89.4   14:31  64.6   05:35   0.0  11.5  0.01   0.0   0.0   00:00     N
04  77.8  91.9   14:17  68.0   04:17   0.0  12.8  0.00   0.0   0.0   00:00     N
05  74.3  81.3   09:41  68.4   23:58   0.0   9.3  0.07   0.0   0.0   00:00     N
06  69.7  79.5   15:32  59.5   05:54   0.8   5.5  0.00   0.0   0.0   00:00     N
07  71.3  83.8   13:03  59.9   05:32   0.8   7.1  0.00   0.0   0.0   00:00     N
08  69.1  79.7   15:25  63.3   23:55   0.0   4.1  0.00   0.0   0.0   00:00     N
09  73.9  86.5   15:23  59.2   05:14   1.2  10.1  0.00   0.0   0.0   00:00     N
10  79.1  89.1   12:14  64.0   05:41   0.0  14.1  0.00   0.0   0.0   00:00     N
11  86.5  86.5   00:00  86.5   00:00   0.0  21.5  0.00   0.0   0.0   00:00     N
12  86.5  86.5   00:00  86.5   00:00   0.0  21.5  0.00   0.0   0.0   00:00     N
13  86.5  86.5   00:00  86.5   00:00   0.0  21.5  0.00   0.0   0.0   00:00     N
14  82.4  89.4   13:34  68.5   23:55   0.0  17.4  0.07   0.0   0.0   00:00     N
15  74.2  86.4   12:15  66.6   02:20   0.0   9.2  0.00   0.0   0.0   00:00     N
16  74.7  84.9   13:27  64.8   05:29   0.0   9.7  0.00   0.0   0.0   00:00     N
17  72.2  84.2   16:16  57.6   06:00   0.9   8.1  0.00   0.0   0.0   00:00     N
18  74.6  85.6   13:03  66.6   03:52   0.0   9.6  0.01   0.0   0.0   00:00     N
19  75.3  89.2   13:42  66.6   06:17   0.0  10.3  0.01   0.0   0.0   00:00     N
----------------------------------------------------------------------------------
    76.8  94.8     2    57.6    17     3.7 227.5  0.31   0.0   0.0     0       E

Max >=  80.0 17
Max <=  32.0  0
Min <=  32.0  0
Min <=   0.0  0
Max Rain: 0.14 on day 2
Days of Rain: 6 (>= 0.01 in)  1 (>= 0.10 in)  0 (>= 1.00 in)
Heat Base: 65.0  Cool Base: 65.0  Method: Integration
 


Page updated <#update>
powered by Cumulus v<#version> (<#build>)