Cambridge, MA weatherWelcome to 17 Buena Vista Park, Cambridge, MA 02140 (Porter Square). |
Latitude N 42° 23' 16" Longitude W 71° 07' 28" Elevation 47 ft |
year records trends history blog webcam |
Select a Year or Month report
Report for 2016 Annual Climatological Summary for 2016 Name: Porter Square City: Cambridge State: MA Elevation: 47 ft Lat: N 42 23 16 Lon: W 071 07 27 Temperature (°F), Heat Base: 65.0 Cool Base: 65.0 Dep. Heat Cool Max Max Min Min Mean Mean From Deg Deg >= <= <= <= YR MO Max Min Mean Norm Days Days Hi Date Low Date 80.0 32.0 32.0 0.0 ------------------------------------------------------------------------------------ 16 1 39.4 25.5 32.3 3.0 1013 0 59.4 10 8.2 5 0 6 25 0 16 2 44.5 25.7 35.1 3.6 866 0 64.8 25 -9.0 14 0 6 18 2 16 3 50.6 36.6 43.3 4.4 677 4 77.0 9 21.2 3 0 1 6 0 16 4 58.5 41.3 49.4 1.1 461 9 79.7 22 22.3 5 0 1 4 0 16 5 69.0 51.6 60.0 1.5 236 81 93.4 28 42.3 16 4 0 0 0 16 6 78.8 61.1 69.8 1.8 35 179 87.6 26 54.5 9 15 0 0 0 16 7 83.7 67.2 75.2 1.3 3 145 99.1 28 61.0 3 10 0 0 0 16 8 88.0 64.6 77.0 4.7 11 382 98.8 11 32.0 26 30 0 2 0 16 9 77.7 59.1 67.8 3.1 74 158 94.3 9 41.9 26 14 0 0 0 16 10 64.5 45.9 54.9 0.8 340 27 80.6 19 34.7 26 1 0 0 0 16 11 59.0 38.3 48.2 3.3 237 1 71.4 2 31.5 1 0 0 2 0 16 12 ------------------------------------------------------------------------------------ 64.9 47.0 55.7 2.6 3952 987 99.1 Jul -9.0 Feb 74 14 57 2 Precipitation (in) Dep. Max Days of Rain From Obs. >= YR MO Total Norm Day Date 0.01 0.10 1.00 --------------------------------------------- 16 1 2.03 -1.89 1.35 10 4 2 1 16 2 2.37 -0.93 0.56 24 11 8 0 16 3 2.55 -1.30 0.79 15 13 6 0 16 4 2.59 -1.01 1.09 7 14 5 1 16 5 2.02 -1.22 0.65 30 12 8 0 16 6 1.50 -1.72 0.69 5 10 5 0 16 7 0.73 -2.33 0.35 1 6 2 0 16 8 24.80 21.43 23.89 26 10 4 1 16 9 1.29 -2.18 0.31 23 11 5 0 16 10 3.97 0.18 1.22 9 12 8 2 16 11 0.09 -3.89 0.05 3 2 0 0 --------------------------------------------- 43.94 5.14 23.89 Aug 105 53 5 Wind Speed (mph) Dom YR MO Avg. Hi Date Dir ------------------------------ 16 1 0.0 0.0 0 E 16 2 0.0 0.0 0 E 16 3 0.0 0.0 0 E 16 4 0.0 0.0 0 N 16 5 0.0 0.0 0 E 16 6 0.0 0.0 0 E 16 7 0.0 0.0 0 E 16 8 0.0 0.0 0 E 16 9 0.0 0.0 0 E 16 10 0.0 0.0 0 E 16 11 0.0 0.0 0 E 16 12 ------------------------------ 0.0 0.0 --- N |
|