Cambridge, MA weatherWelcome to 17 Buena Vista Park, Cambridge, MA 02140 (Porter Square). |
Latitude N 42° 23' 16" Longitude W 71° 07' 28" Elevation 47 ft |
year records trends history blog webcam |
Select a Year or Month report
Report for 2016 Jun Monthly Climatological Summary for Jun 2016 Name: Porter Square City: Cambridge State: MA Elevation: 47 ft Lat: N 42 23 16 Lon: W 071 07 27 Temperature (°F), Rain (in), Wind Speed (mph) Heat Cool Avg Mean Deg Deg Wind Dom Day Temp High Time Low Time Days Days Rain Speed High Time Dir ---------------------------------------------------------------------------------- 01 68.4 76.6 10:35 60.1 23:35 0.8 4.2 0.00 0.0 0.0 00:05 N 02 61.0 66.4 13:35 57.0 03:35 4.2 0.2 0.00 0.0 0.0 00:05 N 03 66.6 73.2 16:05 59.4 00:05 1.7 3.2 0.00 0.0 0.0 00:05 N 04 71.4 81.7 13:06 64.6 04:35 0.0 6.4 0.00 0.0 0.0 00:05 N 05 66.6 69.6 00:06 63.0 18:06 0.2 1.8 0.69 0.0 0.0 00:06 N 06 73.0 81.7 15:06 64.4 02:06 0.1 8.0 0.01 0.0 0.0 00:06 N 07 74.4 85.1 16:24 63.5 23:56 0.0 9.4 0.19 0.0 0.0 00:00 N 08 65.1 73.8 15:17 58.3 23:53 2.0 2.2 0.01 0.0 0.0 00:00 N 09 61.3 67.1 16:35 54.5 05:09 4.1 0.3 0.00 0.0 0.0 00:00 N 10 63.1 71.4 17:06 55.6 06:35 3.5 1.6 0.00 0.0 0.0 00:05 N 11 62.3 69.1 12:07 55.6 05:36 3.3 0.6 0.04 0.0 0.0 00:06 N 12 66.2 78.4 11:37 56.3 23:37 2.3 3.6 0.00 0.0 0.0 00:07 N 13 63.8 70.9 17:07 54.5 03:37 3.3 2.0 0.00 0.0 0.0 00:07 N 14 67.1 77.9 16:07 55.9 05:37 2.4 4.5 0.00 0.0 0.0 00:07 N 15 74.1 83.8 17:07 63.3 00:37 0.2 9.2 0.00 0.0 0.0 00:07 N 16 74.0 84.2 13:07 64.9 05:37 0.0 9.0 0.00 0.0 0.0 00:07 N 17 71.2 79.0 16:07 60.8 06:07 0.5 6.7 0.00 0.0 0.0 00:07 N 18 69.3 80.8 12:37 60.3 05:37 0.7 4.9 0.00 0.0 0.0 00:07 N 19 70.9 82.6 14:07 59.5 04:37 1.2 7.1 0.00 0.0 0.0 00:07 N 20 73.6 85.6 15:07 62.2 05:07 0.5 9.1 0.00 0.0 0.0 00:07 N 21 74.4 84.7 16:07 65.3 05:07 0.0 9.4 0.14 0.0 0.0 00:07 N 22 70.5 78.3 11:07 60.8 05:07 0.6 6.1 0.01 0.0 0.0 00:07 N 23 70.6 82.6 14:08 59.0 05:31 1.0 6.6 0.00 0.0 0.0 00:07 N 24 70.4 77.2 11:48 61.3 03:58 0.7 6.1 0.00 0.0 0.0 00:03 N 25 70.7 80.4 10:53 60.4 05:23 0.7 6.4 0.00 0.0 0.0 00:03 N 26 74.5 87.6 15:02 60.6 05:33 0.7 10.2 0.01 0.0 0.0 00:00 N 27 75.1 86.9 14:02 65.3 04:58 0.0 10.1 0.00 0.0 0.0 00:00 N 28 74.5 80.2 16:50 69.3 07:17 0.0 9.8 0.14 0.0 0.0 00:00 N 29 75.5 86.2 15:42 69.8 03:50 0.0 10.5 0.26 0.0 0.0 00:00 N 30 75.6 83.3 14:15 66.6 05:53 0.0 10.6 0.00 0.0 0.0 00:00 N ---------------------------------------------------------------------------------- 69.8 87.6 26 54.5 9 34.7 179.8 1.50 0.0 0.0 0 E Max >= 80.0 16 Max <= 32.0 0 Min <= 32.0 0 Min <= 0.0 0 Max Rain: 0.69 on day 5 Days of Rain: 10 (>= 0.01 in) 5 (>= 0.10 in) 0 (>= 1.00 in) Heat Base: 65.0 Cool Base: 65.0 Method: Integration |
|