Cambridge, MA weatherWelcome to 17 Buena Vista Park, Cambridge, MA 02140 (Porter Square). |
Latitude N 42° 23' 16" Longitude W 71° 07' 28" Elevation 47 ft |
year records trends history blog webcam |
Select a Year or Month report
Report for 2015 Dec Monthly Climatological Summary for Dec 2015 Name: Porter Square City: Cambridge State: MA Elevation: 47 ft Lat: N 42° 23' 16" Lon: W 071° 07' 28" Temperature (°F), Rain (in), Wind Speed (m/s) Heat Cool Avg Mean Deg Deg Wind Dom Day Temp High Time Low Time Days Days Rain Speed High Time Dir ---------------------------------------------------------------------------------- 1 37.6 45.0 18:41 29.3 05:50 27.6 0.0 0.12 0.0 0.0 00:00 --- 2 43.8 49.5 20:24 38.7 02:08 21.2 0.0 0.12 0.0 0.0 00:00 --- 3 46.2 49.5 00:24 40.8 23:38 18.8 0.0 0.01 0.0 0.0 00:00 --- 4 42.1 47.8 13:11 35.8 07:32 23.1 0.0 0.00 0.0 0.0 00:00 --- 5 42.4 51.6 14:55 35.2 07:09 22.5 0.0 0.00 0.0 0.0 00:00 --- 6 43.6 56.8 14:40 33.4 06:33 21.4 0.0 0.00 0.0 0.0 00:00 --- 7 44.7 55.4 14:20 36.9 06:42 20.3 0.0 0.00 0.0 0.0 00:00 --- 8 40.8 44.1 00:00 38.3 05:42 24.2 0.0 0.00 0.0 0.0 00:00 --- 9 42.8 47.8 13:16 38.3 01:51 22.2 0.0 0.00 0.0 0.0 00:00 --- 10 50.8 57.2 13:55 45.3 02:19 14.3 0.0 0.00 0.0 0.0 00:00 --- 11 50.7 58.5 14:32 43.7 05:20 14.3 0.0 0.00 0.0 0.0 00:00 --- 12 52.1 59.5 13:41 46.8 07:41 12.9 0.0 0.00 0.0 0.0 00:00 --- 13 50.9 53.6 00:00 47.3 22:46 14.1 0.0 0.00 0.0 0.0 00:00 --- 14 49.8 57.6 23:54 47.3 01:34 15.2 0.0 0.30 0.0 0.0 00:00 --- 15 54.2 60.3 03:25 48.4 23:52 10.8 0.0 0.12 0.0 0.0 00:00 --- 16 42.8 48.4 00:00 40.1 19:16 22.3 0.0 0.00 0.0 0.0 00:00 --- 17 47.6 52.9 17:41 41.2 02:47 17.4 0.0 0.43 0.0 0.0 00:00 --- 18 46.5 50.9 09:35 39.7 23:19 18.5 0.0 0.02 0.0 0.0 00:00 --- 19 36.9 40.1 00:00 33.3 23:49 28.2 0.0 0.00 0.0 0.0 00:00 --- 20 35.9 41.5 14:05 32.0 04:04 29.1 0.0 0.00 0.0 0.0 00:00 --- 21 45.2 52.5 14:59 32.9 00:00 19.8 0.0 0.00 0.0 0.0 00:00 --- 22 54.0 59.4 17:13 50.5 02:20 11.0 0.0 0.21 0.0 0.0 00:00 --- 23 50.8 55.8 12:37 46.9 07:17 14.2 0.0 0.50 0.0 0.0 00:00 --- 24 58.1 68.9 14:46 50.0 00:00 7.6 0.7 0.21 0.0 0.0 00:00 --- 25 56.5 63.1 13:52 50.0 07:19 8.5 0.0 0.00 0.0 0.0 00:00 --- 26 47.7 55.6 00:00 42.8 07:41 17.3 0.0 0.00 0.0 0.0 00:00 --- 27 46.4 49.8 14:03 37.8 23:59 18.6 0.0 0.25 0.0 0.0 00:00 --- 28 32.4 37.8 00:00 29.8 18:03 32.6 0.0 0.00 0.0 0.0 00:00 --- 29 31.2 38.7 12:03 24.8 20:43 33.8 0.0 0.53 0.0 0.0 00:00 --- 30 28.2 33.1 21:01 24.6 04:38 36.8 0.0 0.00 0.0 0.0 00:00 --- 31 38.4 45.5 12:41 32.7 00:00 26.6 0.0 0.05 0.0 0.0 00:00 --- ---------------------------------------------------------------------------------- 44.9 68.9 24 24.6 30 625.2 0.7 2.87 0.0 0.0 0 --- Max >= 80.0: 0 Max <= 32.0: 0 Min <= 32.0: 5 Min <= 0.0: 0 Max Rain: 0.53 on day 29 Days of Rain: 13 (>= 0.01 in) 10 (>= 0.10 in) 0 (>= 1.00 in) Heat Base: 65.0 Cool Base: 65.0 Method: Integration |
|