Cambridge, MA weatherWelcome to 17 Buena Vista Park, Cambridge, MA 02140 (Porter Square). |
Latitude N 42° 23' 16" Longitude W 71° 07' 28" Elevation 47 ft |
year records trends history blog webcam |
Select a Year or Month report
Report for 2015 Sep Monthly Climatological Summary for Sep 2015 Name: Porter Square City: Cambridge State: MA Elevation: 47 ft Lat: N 42° 23' 16" Lon: W 071° 07' 28" Temperature (°F), Rain (in), Wind Speed (m/s) Heat Cool Avg Mean Deg Deg Wind Dom Day Temp High Time Low Time Days Days Rain Speed High Time Dir ---------------------------------------------------------------------------------- 1 75.0 81.5 11:26 68.9 06:35 0.0 10.0 0.00 0.0 0.0 00:00 --- 2 77.9 89.1 15:58 66.7 06:15 0.0 12.9 0.00 0.0 0.0 00:00 --- 3 77.7 86.7 13:03 69.4 06:36 0.0 12.7 0.05 0.0 0.0 00:00 --- 4 69.8 74.1 00:10 62.6 23:55 0.1 4.9 0.00 0.0 0.0 00:00 --- 5 66.9 76.6 13:13 56.3 06:16 2.2 4.2 0.00 0.0 0.0 00:00 --- 6 72.5 86.0 16:07 60.1 06:23 1.0 8.6 0.00 0.0 0.0 00:00 --- 7 78.2 91.2 15:23 65.3 06:12 0.0 13.2 0.00 0.0 0.0 00:00 --- 8 81.4 93.2 14:08 72.5 06:37 0.0 16.4 0.00 0.0 0.0 00:00 --- 9 81.0 91.6 14:21 74.3 06:32 0.0 16.0 0.00 0.0 0.0 00:00 --- 10 72.2 79.5 00:00 65.5 19:34 0.0 7.2 0.39 0.0 0.0 00:00 --- 11 66.5 74.7 16:09 62.4 09:05 0.6 2.1 0.32 0.0 0.0 00:00 --- 12 67.3 76.1 13:20 60.4 05:14 1.1 3.4 0.00 0.0 0.0 00:00 --- 13 65.3 67.1 13:52 63.7 05:29 0.4 0.7 0.08 0.0 0.0 00:00 --- 14 64.6 70.9 14:45 57.0 06:39 2.0 1.5 0.01 0.0 0.0 00:00 --- 15 70.5 81.3 16:26 59.5 06:35 1.2 6.7 0.00 0.0 0.0 00:00 --- 16 72.7 83.5 15:08 61.7 06:34 0.4 8.1 0.00 0.0 0.0 00:00 --- 17 74.8 86.9 14:45 63.0 06:31 0.2 10.0 0.00 0.0 0.0 00:00 --- 18 74.9 86.5 15:37 63.7 06:48 0.1 10.0 0.00 0.0 0.0 00:00 --- 19 71.4 80.6 14:36 63.5 05:52 0.2 6.6 0.00 0.0 0.0 00:00 --- 20 69.2 73.2 10:19 59.0 23:57 0.5 4.6 0.00 0.0 0.0 00:00 --- 21 60.7 68.5 14:03 52.7 05:31 4.8 0.5 0.00 0.0 0.0 00:00 --- 22 62.1 70.5 13:37 55.8 03:49 4.0 1.1 0.00 0.0 0.0 00:00 --- 23 62.0 71.6 13:52 52.3 06:44 4.7 1.7 0.00 0.0 0.0 00:00 --- 24 64.5 100.2 06:30 55.6 03:55 3.4 2.9 0.00 0.0 0.0 00:00 --- 25 61.7 67.6 13:47 53.6 06:12 3.6 0.4 0.00 0.0 0.0 00:00 --- 26 57.4 64.9 12:50 50.5 06:36 7.6 0.0 0.00 0.0 0.0 00:00 --- 27 56.6 68.0 14:11 44.4 06:55 8.7 0.3 0.00 0.0 0.0 00:00 --- 28 68.8 80.1 14:54 54.9 02:59 3.5 7.3 0.00 0.0 0.0 00:00 --- 29 73.2 82.0 00:10 65.8 02:49 0.0 8.2 0.04 0.0 0.0 00:00 --- 30 69.8 77.5 14:16 59.0 23:49 0.6 5.4 3.63 0.0 0.0 00:00 --- ---------------------------------------------------------------------------------- 69.6 100.2 24 44.4 27 50.9 187.6 4.52 0.0 0.0 0 --- Max >= 80.0: 15 Max <= 32.0: 0 Min <= 32.0: 0 Min <= 0.0: 0 Max Rain: 3.63 on day 30 Days of Rain: 7 (>= 0.01 in) 3 (>= 0.10 in) 1 (>= 1.00 in) Heat Base: 65.0 Cool Base: 65.0 Method: Integration |
|