Cambridge, MA weatherWelcome to 17 Buena Vista Park, Cambridge, MA 02140 (Porter Square). |
Latitude N 42° 23' 16" Longitude W 71° 07' 28" Elevation 47 ft |
year records trends history blog webcam |
Select a Year or Month report
Report for 2015 Feb Monthly Climatological Summary for Feb 2015 Name: Porter Square City: Cambridge State: MA Elevation: 47 ft Lat: N 42° 23' 16" Lon: W 071° 07' 28" Temperature (°F), Rain (in), Wind Speed (m/s) Heat Cool Avg Mean Deg Deg Wind Dom Day Temp High Time Low Time Days Days Rain Speed High Time Dir ---------------------------------------------------------------------------------- 1 20.5 30.7 14:13 11.5 06:52 44.5 0.0 0.00 0.0 0.0 00:00 --- 2 16.7 28.8 10:38 10.2 16:54 48.3 0.0 0.00 0.0 0.0 00:00 --- 3 14.9 23.5 14:56 6.8 06:37 50.1 0.0 0.00 0.0 0.0 00:00 --- 4 27.9 37.9 15:17 12.9 01:33 37.1 0.0 0.00 0.0 0.0 00:00 --- 5 25.6 36.5 00:00 8.1 23:56 39.5 0.0 0.06 0.0 0.0 00:00 --- 6 13.8 22.1 15:18 4.1 07:00 51.2 0.0 0.00 0.0 0.0 00:00 --- 7 25.5 30.9 12:10 16.2 00:59 39.5 0.0 0.00 0.0 0.0 00:00 --- 8 22.1 28.9 08:01 13.3 21:26 42.9 0.0 0.00 0.0 0.0 00:00 --- 9 16.1 19.0 15:19 13.6 00:00 48.9 0.0 0.00 0.0 0.0 00:00 --- 10 23.4 32.7 14:41 14.2 00:18 41.6 0.0 0.00 0.0 0.0 00:00 --- 11 20.1 24.8 00:00 16.2 23:21 44.9 0.0 0.00 0.0 0.0 00:00 --- 12 22.5 30.0 15:18 14.9 00:24 42.5 0.0 0.00 0.0 0.0 00:00 --- 13 13.5 23.4 00:00 7.5 08:18 51.5 0.0 0.00 0.0 0.0 00:00 --- 14 17.4 31.3 21:50 4.5 05:56 47.6 0.0 0.00 0.0 0.0 00:00 --- 15 14.5 20.5 05:39 -1.1 23:59 50.5 0.0 0.02 0.0 0.0 00:00 --- 16 9.3 19.9 14:49 -2.2 01:45 55.8 0.0 0.00 0.0 0.0 00:00 --- 17 17.7 24.8 15:14 10.4 06:50 47.3 0.0 0.00 0.0 0.0 00:00 --- 18 25.5 31.1 13:30 18.3 07:07 39.5 0.0 0.00 0.0 0.0 00:00 --- 19 23.0 30.4 11:11 11.1 23:50 42.0 0.0 0.00 0.0 0.0 00:00 --- 20 12.3 19.8 15:13 5.9 06:39 52.7 0.0 0.00 0.0 0.0 00:00 --- 21 21.9 34.0 22:00 6.8 06:07 43.1 0.0 0.00 0.0 0.0 00:00 --- 22 34.8 39.7 14:41 31.3 23:03 30.2 0.0 0.24 0.0 0.0 00:00 --- 23 22.0 32.4 00:00 6.4 23:31 43.0 0.0 0.00 0.0 0.0 00:00 --- 24 11.8 21.0 14:40 1.2 06:25 53.2 0.0 0.00 0.0 0.0 00:00 --- 25 25.6 35.1 14:02 15.1 06:30 39.4 0.0 0.00 0.0 0.0 00:00 --- 26 21.2 23.4 13:36 18.1 06:37 43.8 0.0 0.00 0.0 0.0 00:00 --- 27 21.0 27.7 15:51 14.7 06:41 44.0 0.0 0.00 0.0 0.0 00:00 --- 28 21.4 31.3 15:38 10.8 06:33 43.6 0.0 0.00 0.0 0.0 00:00 --- ---------------------------------------------------------------------------------- 20.1 39.7 22 -2.2 16 1258.2 0.0 0.32 0.0 0.0 0 --- Max >= 80.0: 0 Max <= 32.0: 21 Min <= 32.0: 28 Min <= 0.0: 2 Max Rain: 0.24 on day 22 Days of Rain: 3 (>= 0.01 in) 1 (>= 0.10 in) 0 (>= 1.00 in) Heat Base: 65.0 Cool Base: 65.0 Method: Integration |
|