Cambridge, MA weatherWelcome to 17 Buena Vista Park, Cambridge, MA 02140 (Porter Square). |
Latitude N 42° 23' 16" Longitude W 71° 07' 28" Elevation 47 ft |
year records trends history blog webcam |
Select a Year or Month report
Report for 2012 Jun Monthly Climatological Summary for Jun 2012 Name: Porter Square City: Cambridge State: MA Elevation: 47 ft Lat: N 42° 23' 16" Lon: W 071° 07' 28" Temperature (°F), Rain (in), Wind Speed (m/s) Heat Cool Avg Mean Deg Deg Wind Dom Day Temp High Time Low Time Days Days Rain Speed High Time Dir ---------------------------------------------------------------------------------- 1 64.5 69.8 12:42 59.9 23:20 1.6 1.2 0.00 0.0 0.0 00:00 E 2 59.8 63.1 20:47 55.9 07:22 5.2 0.0 1.39 0.0 0.0 00:00 E 3 59.2 62.6 00:13 53.6 22:52 5.8 0.0 0.05 0.0 0.0 00:00 E 4 51.4 53.6 00:00 50.0 22:48 13.6 0.0 0.27 0.0 0.0 00:00 E 5 52.8 57.4 16:53 50.0 00:28 12.2 0.0 0.04 0.0 0.0 00:00 E 6 57.9 64.9 14:13 51.1 02:37 7.1 0.0 0.04 0.0 0.0 00:00 E 7 60.6 69.4 11:28 55.2 01:28 4.9 0.5 0.06 0.0 0.0 00:00 E 8 64.1 79.2 14:40 54.5 02:00 3.4 2.5 1.35 0.0 0.0 00:00 E 9 68.5 81.0 16:58 56.8 05:46 1.6 5.1 0.01 0.0 0.0 00:00 E 10 69.2 80.1 12:23 60.1 05:49 1.0 5.2 0.00 0.0 0.0 00:00 E 11 67.1 79.9 17:00 58.1 04:50 1.7 3.8 0.00 0.0 0.0 00:00 E 12 68.0 76.1 15:05 60.8 05:35 1.0 4.0 0.01 0.0 0.0 00:00 E 13 64.4 66.2 16:53 63.1 07:43 0.7 0.2 0.65 0.0 0.0 00:00 E 14 66.2 75.2 17:00 60.6 23:52 1.2 2.4 0.00 0.0 0.0 00:00 E 15 65.5 75.2 17:01 56.5 05:39 2.5 3.0 0.00 0.0 0.0 00:00 E 16 61.4 68.9 09:37 56.1 23:54 4.0 0.4 0.00 0.0 0.0 00:00 E 17 60.2 68.5 16:58 52.3 04:45 5.5 0.6 0.00 0.0 0.0 00:00 E 18 62.8 70.7 16:57 56.7 05:41 3.3 1.0 0.00 0.0 0.0 00:00 E 19 66.8 75.2 14:37 56.3 05:16 2.2 4.0 0.00 0.0 0.0 00:00 E 20 81.4 97.7 17:00 65.8 03:28 0.0 16.4 0.00 0.0 0.0 00:00 E 21 86.2 97.7 17:03 76.1 05:51 0.0 21.2 0.00 0.0 0.0 00:00 E 22 82.9 93.7 13:11 74.8 23:03 0.0 17.9 0.05 0.0 0.0 00:00 E 23 73.5 86.2 14:58 64.6 23:24 0.0 8.5 1.00 0.0 0.0 00:00 E 24 73.3 84.4 16:58 61.2 05:34 0.6 8.9 0.01 0.0 0.0 00:00 E 25 69.2 73.9 08:33 63.9 23:58 0.0 4.2 0.64 0.0 0.0 00:00 E 26 65.5 72.1 13:57 60.4 05:54 1.3 1.8 0.08 0.0 0.0 00:00 E 27 68.3 76.6 14:23 60.4 01:50 1.1 4.3 0.00 0.0 0.0 00:00 E 28 74.4 87.6 17:06 64.0 06:48 0.1 9.4 0.00 0.0 0.0 00:00 E 29 77.5 85.6 14:15 68.2 04:53 0.0 12.5 0.08 0.0 0.0 00:00 E 30 84.1 90.5 15:41 78.3 17:49 0.0 19.3 0.00 0.0 0.0 00:00 E ---------------------------------------------------------------------------------- 67.6 97.7 20 50.0 4 81.6 158.3 5.73 0.0 0.0 0 --- Max >= 80.0: 10 Max <= 32.0: 0 Min <= 32.0: 0 Min <= 0.0: 0 Max Rain: 1.39 on day 2 Days of Rain: 16 (>= 0.01 in) 6 (>= 0.10 in) 3 (>= 1.00 in) Heat Base: 65.0 Cool Base: 65.0 Method: Integration |
|