Cambridge, MA weatherWelcome to 17 Buena Vista Park, Cambridge, MA 02140 (Porter Square). |
Latitude N 42° 23' 16" Longitude W 71° 07' 28" Elevation 47 ft |
year records trends history blog webcam |
Select a Year or Month report
Report for 2014 Sep Monthly Climatological Summary for Sep 2014 Name: Porter Square City: Cambridge State: MA Elevation: 47 ft Lat: N 42° 23' 16" Lon: W 071° 07' 28" Temperature (°F), Rain (in), Wind Speed (m/s) Heat Cool Avg Mean Deg Deg Wind Dom Day Temp High Time Low Time Days Days Rain Speed High Time Dir ---------------------------------------------------------------------------------- 1 78.8 87.4 15:02 71.2 05:58 0.0 13.8 0.00 0.0 0.0 00:00 --- 2 79.2 90.7 13:36 73.2 05:55 0.0 14.2 0.59 0.0 0.0 00:00 --- 3 75.6 81.7 15:53 70.5 23:58 0.0 10.6 0.00 0.0 0.0 00:00 --- 4 74.7 83.7 15:49 63.3 06:40 0.1 9.8 0.00 0.0 0.0 00:00 --- 5 77.9 88.5 15:29 68.2 06:26 0.0 12.9 0.00 0.0 0.0 00:00 --- 6 79.5 90.3 14:54 69.8 23:27 0.0 14.4 0.84 0.0 0.0 00:00 --- 7 68.8 75.6 14:22 62.8 23:52 0.1 3.9 0.07 0.0 0.0 00:00 --- 8 65.5 72.9 10:57 58.1 06:25 1.8 2.3 0.00 0.0 0.0 00:00 --- 9 65.8 70.7 11:29 59.0 07:00 1.0 1.8 0.00 0.0 0.0 00:00 --- 10 64.9 72.0 14:04 60.6 02:28 1.6 1.5 0.00 0.0 0.0 00:00 --- 11 70.9 79.0 16:02 64.4 00:00 0.1 6.0 0.00 0.0 0.0 00:00 --- 12 64.2 69.6 15:03 56.5 23:59 1.9 1.1 0.00 0.0 0.0 00:00 --- 13 59.6 67.3 13:13 51.3 06:44 5.6 0.2 0.19 0.0 0.0 00:00 --- 14 58.2 65.1 16:16 51.8 07:01 6.8 0.0 0.01 0.0 0.0 00:00 --- 15 56.6 65.3 15:40 46.8 06:42 8.4 0.0 0.00 0.0 0.0 00:00 --- 16 59.6 65.8 15:48 54.1 01:26 5.4 0.1 0.00 0.0 0.0 00:00 --- 17 61.1 70.7 16:03 51.8 06:52 5.1 1.2 0.00 0.0 0.0 00:00 --- 18 61.8 72.9 14:40 50.4 06:07 5.3 2.1 0.00 0.0 0.0 00:00 --- 19 52.4 57.2 13:00 45.5 07:10 12.6 0.0 0.00 0.0 0.0 00:00 --- 20 58.7 71.2 15:12 43.7 06:00 7.7 1.4 0.00 0.0 0.0 00:00 --- 21 70.9 81.0 12:23 60.6 00:56 0.8 6.7 0.00 0.0 0.0 00:00 --- 22 66.2 71.6 13:29 54.0 23:59 1.5 2.7 0.00 0.0 0.0 00:00 --- 23 58.3 69.1 16:02 47.3 06:11 7.4 0.7 0.00 0.0 0.0 00:00 --- 24 59.6 67.5 13:13 51.8 06:54 5.7 0.3 0.00 0.0 0.0 00:00 --- 25 58.5 64.4 14:44 52.0 06:23 6.5 0.0 0.00 0.0 0.0 00:00 --- 26 62.1 73.9 13:35 53.6 07:01 4.8 1.9 0.00 0.0 0.0 00:00 --- 27 67.9 81.5 15:31 56.1 06:11 2.8 5.7 0.00 0.0 0.0 00:00 --- 28 71.3 84.4 14:55 59.2 06:20 1.3 7.6 0.00 0.0 0.0 00:00 --- 29 66.7 77.0 13:52 58.8 23:59 1.2 2.9 0.00 0.0 0.0 00:00 --- 30 57.4 59.0 00:05 56.7 18:59 7.6 0.0 0.15 0.0 0.0 00:00 --- ---------------------------------------------------------------------------------- 65.8 90.7 2 43.7 20 103.1 125.8 1.85 0.0 0.0 0 --- Max >= 80.0: 9 Max <= 32.0: 0 Min <= 32.0: 0 Min <= 0.0: 0 Max Rain: 0.84 on day 6 Days of Rain: 6 (>= 0.01 in) 4 (>= 0.10 in) 0 (>= 1.00 in) Heat Base: 65.0 Cool Base: 65.0 Method: Integration |
|