Cambridge, MA weatherWelcome to 17 Buena Vista Park, Cambridge, MA 02140 (Porter Square). |
Latitude N 42° 23' 16" Longitude W 71° 07' 28" Elevation 47 ft |
year records trends history blog webcam |
Select a Year or Month report
Report for 2011 Sep Monthly Climatological Summary for Sep 2011 Name: Porter Square City: Cambridge State: MA Elevation: 47 ft Lat: N 42° 23' 16" Lon: W 071° 07' 28" Temperature (°F), Rain (in), Wind Speed (m/s) Heat Cool Avg Mean Deg Deg Wind Dom Day Temp High Time Low Time Days Days Rain Speed High Time Dir ---------------------------------------------------------------------------------- 1 69.3 76.3 12:58 64.0 23:39 0.0 4.3 0.00 0.0 0.0 00:00 E 2 66.3 72.7 12:05 62.2 05:42 0.9 2.3 0.00 0.0 0.0 00:00 E 3 72.5 83.3 15:59 61.2 02:14 1.0 8.5 0.00 0.0 0.0 00:00 E 4 76.1 84.0 16:03 69.3 05:59 0.0 11.1 0.00 0.0 0.0 00:00 E 5 76.9 85.6 13:14 69.6 06:22 0.0 11.9 0.00 0.0 0.0 00:00 E 6 64.8 75.2 00:29 60.4 23:59 1.7 1.5 0.86 0.0 0.0 00:29 E 7 61.4 63.3 11:59 60.4 00:29 3.6 0.0 0.45 0.0 0.0 00:29 E 8 61.3 64.6 16:59 59.2 07:59 3.7 0.0 1.33 0.0 0.0 00:29 E 9 68.3 77.2 15:59 60.8 03:29 1.2 4.4 0.00 0.0 0.0 00:29 E 10 65.5 70.7 10:29 58.8 23:59 1.1 1.6 0.00 0.0 0.0 00:29 E 11 63.3 70.9 14:29 54.1 06:29 3.5 1.7 0.00 0.0 0.0 00:29 E 12 69.9 80.6 14:59 60.4 06:29 1.2 6.1 0.00 0.0 0.0 00:29 E 13 73.2 82.8 15:29 64.2 06:29 0.1 8.2 0.00 0.0 0.0 00:29 E 14 75.9 84.4 14:29 69.3 05:29 0.0 10.9 0.00 0.0 0.0 00:29 E 15 69.7 81.0 12:59 55.6 23:59 1.2 5.8 0.07 0.0 0.0 00:29 E 16 56.2 63.5 16:29 49.5 06:59 8.8 0.0 0.00 0.0 0.0 00:29 E 17 55.6 62.8 13:00 46.4 07:00 9.2 0.0 0.00 0.0 0.0 00:29 E 18 58.0 65.8 14:30 50.9 06:30 7.0 0.0 0.00 0.0 0.0 00:00 E 19 56.9 65.3 14:00 48.4 06:30 8.1 0.0 0.00 0.0 0.0 00:00 E 20 60.2 66.0 17:30 54.0 05:00 4.9 0.1 0.13 0.0 0.0 00:00 E 21 66.2 75.4 14:00 57.6 05:00 2.3 3.4 0.00 0.0 0.0 00:00 E 22 70.5 73.9 16:45 67.6 00:30 0.0 5.5 0.17 0.0 0.0 00:00 E 23 70.3 74.7 11:38 68.0 06:48 0.0 5.3 0.47 0.0 0.0 00:00 E 24 73.1 79.2 15:51 68.0 00:25 0.0 8.1 0.46 0.0 0.0 00:00 E 25 73.7 79.9 12:43 70.0 07:28 0.0 8.7 0.00 0.0 0.0 00:00 E 26 70.4 75.7 17:43 66.7 06:40 0.0 5.5 0.00 0.0 0.0 00:00 E 27 69.3 77.7 12:33 64.0 06:54 0.1 4.4 0.00 0.0 0.0 00:00 E 28 67.5 71.4 12:38 64.8 07:10 0.0 2.5 0.00 0.0 0.0 00:00 E 29 66.6 71.1 14:20 63.1 23:54 0.2 1.8 1.30 0.0 0.0 00:00 E 30 66.7 75.7 14:37 57.4 07:03 2.0 3.7 0.00 0.0 0.0 00:00 E ---------------------------------------------------------------------------------- 67.2 85.6 5 46.4 17 61.8 127.3 5.24 0.0 0.0 0 --- Max >= 80.0: 7 Max <= 32.0: 0 Min <= 32.0: 0 Min <= 0.0: 0 Max Rain: 1.33 on day 8 Days of Rain: 9 (> 0.01 in) 8 (> 0.10 in) 2 (> 1.00 in) Heat Base: 65.0 Cool Base: 65.0 Method: Integration |
|